5840402.
322
Calculate the greatest common factor of 788 and 707745352.
788
What is the highest common factor of 129 and 21865?
1
What is the greatest common divisor of 49671271 and 221?
13
What is the greatest common factor of 1400072817 and 4147?
4147
Calculate the greatest common factor of 2133234 and 7254.
558
Calculate the greatest common factor of 496 and 7395794.
62
What is the greatest common divisor of 8450018 and 5002?
82
Calculate the highest common factor of 628 and 8015321.
157
What is the greatest common divisor of 408 and 698808?
24
What is the highest common divisor of 64936 and 982?
2
What is the greatest common divisor of 9553778 and 39?
13
Calculate the greatest common divisor of 56290 and 9880.
130
What is the highest common divisor of 9956 and 32996149?
131
What is the highest common factor of 122976 and 95350752?
2016
What is the greatest common factor of 7467 and 89686137?
7467
Calculate the highest common factor of 391802 and 43150.
1726
Calculate the highest common divisor of 9557098 and 138.
46
Calculate the greatest common divisor of 90 and 20780430.
30
Calculate the greatest common factor of 10906 and 31015106.
1558
What is the greatest common divisor of 180096 and 106898232?
11256
Calculate the highest common factor of 33086052 and 115.
23
What is the greatest common factor of 14 and 3138814?
14
What is the greatest common factor of 314 and 815120293?
157
What is the highest common divisor of 3685272 and 21500?
172
What is the greatest common divisor of 5378027 and 25429?
59
What is the greatest common factor of 1310186 and 51914?
514
What is the highest common factor of 338302000 and 1000?
1000
Calculate the greatest common divisor of 13083 and 784245.
147
What is the highest common divisor of 99 and 523688?
11
What is the highest common divisor of 6 and 194307603?
3
Calculate the greatest common factor of 1875 and 184978875.
375
What is the highest common divisor of 568 and 52150328?
8
Calculate the highest common divisor of 233316 and 54.
18
Calculate the greatest common divisor of 2298096 and 272.
16
Calculate the highest common divisor of 71367040 and 26752.
2432
Calculate the greatest common divisor of 1752 and 197832.
24
What is the highest common divisor of 5121522 and 1664334?
6426
Calculate the greatest common divisor of 680 and 48441160.
680
Calculate the highest common divisor of 226723018 and 4538.
4538
What is the greatest common divisor of 838 and 49303?
1
What is the highest common factor of 15770 and 657970?
190
Calculate the greatest common factor of 1947 and 980859.
33
What is the greatest common divisor of 52182 and 100998?
18
Calculate the greatest common divisor of 1466129 and 2254.
49
What is the greatest common factor of 897 and 3900156000?
897
Calculate the highest common divisor of 1125 and 675600.
75
Calculate the greatest common factor of 1059 and 8337507.
1059
What is the highest common divisor of 10 and 83005385?
5
Calculate the highest common factor of 39030 and 2703478.
2602
Calculate the highest common divisor of 297 and 124299153.
99
What is the highest common factor of 440 and 32827652?
44
What is the greatest common divisor of 25805 and 1088490?
65
What is the highest common divisor of 481509237 and 15774?
7887
What is the greatest common factor of 84380984 and 8?
8
What is the greatest common divisor of 52548 and 248244?
1812
What is the highest common factor of 16129 and 1981073?
127
What is the highest common divisor of 62496 and 304108?
28
Calculate the greatest common factor of 96 and 3940896.
96
What is the greatest common factor of 13 and 87532679?
13
What is the greatest common divisor of 54723 and 29733?
51
What is the highest common divisor of 126001998 and 1185?
237
Calculate the greatest common factor of 7973 and 324079.
469
What is the greatest common divisor of 254166905 and 115?
115
What is the greatest common divisor of 1945 and 1248791140?
1945
What is the highest common factor of 118791 and 31329?
9
What is the highest common factor of 664832 and 43729664?
13568
What is the highest common divisor of 682155 and 1350?
135
What is the highest common factor of 3473 and 1471797?
151
Calculate the greatest common factor of 4345404 and 39882.
1734
What is the highest common factor of 1 and 3278531?
1
Calculate the highest common divisor of 79266208 and 80.
16
What is the highest common divisor of 17700816 and 252?
84
What is the greatest common factor of 167793 and 219?
3
What is the greatest common divisor of 145557577 and 77?
11
Calculate the highest common factor of 8740352 and 512.
512
Calculate the greatest common divisor of 2192000 and 18084.
548
Calculate the highest common divisor of 858 and 1263174.
66
What is the greatest common divisor of 3403620 and 990?
990
What is the greatest common divisor of 864 and 58285872?
432
Calculate the greatest common divisor of 2492 and 38179309.
623
What is the greatest common divisor of 3567252 and 21918?
78
What is the greatest common factor of 237 and 27798?
3
Calculate the highest common divisor of 21636 and 4992.
12
What is the greatest common factor of 89242908 and 2804?
2804
Calculate the greatest common divisor of 652305 and 405.
15
What is the greatest common divisor of 1694 and 2437666?
1694
Calculate the highest common factor of 52 and 258248341.
13
What is the greatest common divisor of 10860389 and 371?
53
Calculate the greatest common factor of 1029 and 128583.
21
Calculate the highest common factor of 212 and 117183848.
212
Calculate the greatest common divisor of 3 and 283447.
1
Calculate the highest common factor of 1430019 and 477369.
261
Calculate the highest common divisor of 14168 and 162890728.
616
What is the highest common factor of 1429965 and 4429?
43
Calculate the greatest common factor of 3 and 319432.
1
What is the greatest common divisor of 8433 and 970112643?
2811
What is the greatest common divisor of 204 and 4725881?
17
Calculate the greatest common divisor of 15327 and 22784931.
117
What is the highest common factor of 21941 and 623243?
593
Calculate the highest common factor of 7176484 and 65408.
2044
What is the greatest common divisor of 2480 and 21257940?
620
What is the highest common factor of 11690203 and 14?
7
Calculate the greatest common divisor of 13408 and 55680.
32
Calculate the highest common factor of 26170 and 30410.
10
Calculate the highest common factor of 7587 and 131058.
27
Calculate the highest common factor of 8394898 and 7100.
142
Calculate the highest common factor of 24557 and 428571.
13
Calculate the highest common divisor of 89 and 4019329.
89
What is the highest common divisor of 114 and 55089?
3
What is the greatest common divisor of 8414 and 699190779?
4207
What is the highest common factor of 2944 and 79168?
64
Calculate the greatest common factor of 11871490 and 470.
10
What is the greatest common divisor of 4510 and 332530?
110
Calculate the greatest common factor of 77798272 and 2368.
2368
What is the greatest common factor of 299 and 6647207?
23
What is the greatest common divisor of 3267154 and 176?
22
What is the highest common divisor of 317300670 and 90?
90
What is the greatest common factor of 646 and 422017588?
646
Calculate the highest common divisor of 284495 and 32.
1
Calculate the greatest common divisor of 58627481 and 11.
11
What is the highest common divisor of 5612 and 128423605?
1403
Calculate the highest common divisor of 128946354 and 1914.
174
What is the greatest common divisor of 37926 and 7422?
6
What is the greatest common divisor of 487093913 and 157?
157
What is the greatest common factor of 3527186 and 130?
26
What is the greatest common divisor of 3948396 and 2670?
534
What is the greatest common divisor of 2778789 and 35217?
1677
What is the highest common factor of 46308990 and 650?
130
What is the greatest common factor of 19551 and 298927?
19
What is the greatest common divisor of 7354 and 47661274?
7354
What is the greatest common divisor of 33945 and 9568305?
465
What is the greatest common factor of 1953 and 214219827?
279
What is the greatest common factor of 10469360 and 880?
880
What is the highest common factor of 24678128 and 784?
16
What is the greatest common factor of 448008748 and 872?
436
What is the greatest c